me factors of 3243394843?
13, 1151, 216761
List the prime factors of 494437329.
3, 54937481
List the prime factors of 1023728465.
5, 204745693
What are the prime factors of 1321006006?
2, 487, 1356269
List the prime factors of 71433577.
8111, 8807
List the prime factors of 551564450.
2, 5, 59, 3169
List the prime factors of 176771431.
223, 792697
What are the prime factors of 123107203?
89, 359, 3853
What are the prime factors of 460648993?
7, 4651, 14149
What are the prime factors of 3744272799?
3, 6553, 63487
What are the prime factors of 676826256?
2, 3, 1549, 9103
List the prime factors of 471428645.
5, 137, 688217
What are the prime factors of 85867922?
2, 7, 263, 23321
List the prime factors of 1451968111.
11, 31, 59, 72169
What are the prime factors of 853206584?
2, 106650823
What are the prime factors of 135388448?
2, 13, 325453
List the prime factors of 337127517.
3, 109, 401, 857
What are the prime factors of 81879604?
2, 701, 29201
What are the prime factors of 122937193?
79, 83, 18749
What are the prime factors of 165336126?
2, 3, 27556021
List the prime factors of 171613445.
5, 29, 1183541
List the prime factors of 1206296950.
2, 5, 24125939
List the prime factors of 1202258428.
2, 7, 17, 2525753
List the prime factors of 46955017.
46955017
List the prime factors of 4209834.
2, 3, 491, 1429
List the prime factors of 3814995746.
2, 1823, 1046351
List the prime factors of 54769936.
2, 13, 59, 4463
What are the prime factors of 3629025800?
2, 5, 2683, 6763
What are the prime factors of 2394967221?
3, 8389, 31721
What are the prime factors of 271650824?
2, 33956353
What are the prime factors of 97234324?
2, 11, 19, 107, 1087
List the prime factors of 24040502.
2, 89, 135059
List the prime factors of 4355865705.
3, 5, 290391047
What are the prime factors of 1134862222?
2, 13, 43648547
List the prime factors of 1674244202.
2, 2837, 295073
List the prime factors of 6050047.
6050047
What are the prime factors of 616701851?
616701851
List the prime factors of 5964142963.
17, 350831939
List the prime factors of 20124713.
7, 73, 39383
List the prime factors of 2565905701.
79, 1013, 32063
What are the prime factors of 348013204?
2, 7, 11, 677, 1669
What are the prime factors of 51340575?
3, 5, 11, 13, 4787
List the prime factors of 91335489.
3, 7, 19, 228911
What are the prime factors of 6495935?
5, 1299187
What are the prime factors of 12643869?
3, 7, 17, 107, 331
What are the prime factors of 6344859414?
2, 3, 1057476569
What are the prime factors of 19290037?
13, 67, 22147
What are the prime factors of 56566753?
56566753
What are the prime factors of 13147948?
2, 11, 298817
List the prime factors of 6397160928.
2, 3, 17, 3919829
What are the prime factors of 24529127?
7, 167, 20983
List the prime factors of 140593132.
2, 233, 251, 601
What are the prime factors of 971563336?
2, 29, 4187773
List the prime factors of 10876548.
2, 3, 547, 1657
List the prime factors of 360014735.
5, 607, 118621
What are the prime factors of 379422904?
2, 7, 23, 223, 1321
List the prime factors of 6235701846.
2, 3, 11, 19, 43, 10513
List the prime factors of 37054303.
11, 13, 259121
What are the prime factors of 207899101?
1913, 108677
What are the prime factors of 58459123?
23, 2541701
List the prime factors of 81612235.
5, 29, 281, 2003
What are the prime factors of 61481148?
2, 3, 5123429
List the prime factors of 144399073.
7, 13, 131, 12113
What are the prime factors of 177215776?
2, 41, 293, 461
List the prime factors of 932515085.
5, 186503017
List the prime factors of 1882763229.
3, 521, 1204583
What are the prime factors of 118380414?
2, 3, 19730069
What are the prime factors of 37782669?
3, 12594223
What are the prime factors of 129083905?
5, 401, 64381
What are the prime factors of 14686059?
3, 887, 5519
What are the prime factors of 36844137?
3, 11, 23, 1471
List the prime factors of 291502345.
5, 23, 29, 87407
List the prime factors of 71709942.
2, 3, 1399, 8543
What are the prime factors of 181173063?
3, 17, 29, 122497
List the prime factors of 66682484.
2, 11, 29, 52259
What are the prime factors of 2525583001?
29, 87089069
What are the prime factors of 2025324787?
2025324787
What are the prime factors of 21430137?
3, 7143379
List the prime factors of 38619995.
5, 7723999
List the prime factors of 781995604.
2, 13, 15038377
List the prime factors of 1328122270.
2, 5, 132812227
List the prime factors of 506880619.
7, 17, 4259501
What are the prime factors of 54001019?
37, 211, 6917
What are the prime factors of 591536322?
2, 3, 13, 2527933
List the prime factors of 23000323.
23000323
What are the prime factors of 107917107?
3, 31, 127, 9137
What are the prime factors of 3207744?
2, 3, 5569
List the prime factors of 49720101.
3, 16573367
List the prime factors of 348882732.
2, 3, 11, 881017
What are the prime factors of 301725610?
2, 5, 30172561
What are the prime factors of 172075870?
2, 5, 17, 541, 1871
List the prime factors of 48373655.
5, 11, 109, 8069
What are the prime factors of 75330811?
75330811
What are the prime factors of 567230314?
2, 7, 29, 1397119
What are the prime factors of 152453266?
2, 7, 601, 18119
List the prime factors of 334199330.
2, 5, 33419933
List the prime factors of 3161539061.
31, 3469, 29399
List the prime factors of 182787938.
2, 71, 1287239
What are the prime factors of 308131282?
2, 1721, 89521
What are the prime factors of 175577754?
2, 3, 11, 127, 20947
List the prime factors of 2988317246.
2, 47, 31790609
What are the prime factors of 161925887?
161925887
List the prime factors of 38475094.
2, 7, 419, 937
List the prime factors of 495761597.
495761597
List the prime factors of 134796986.
2, 67398493
What are the prime factors of 5406878?
2, 59, 45821
What are the prime factors of 215257957?
43, 461, 10859
List the prime factors of 894108556.
2, 11, 709, 28661
List the prime factors of 267689077.
59, 919, 4937
What are the prime factors of 10020778?
2, 23, 179, 1217
What are the prime factors of 50074954?
2, 25037477
What are the prime factors of 241573903?
4349, 55547
What are the prime factors of 461122189?
11, 97, 432167
List the prime factors of 293522395.
5, 58704479
List the prime factors of 2346260884.
2, 11, 53324111
What are the prime factors of 67842409?
67842409
What are the prime factors of 53975965?
5, 43, 251051
What are the prime factors of 44263196?
2, 11065799
What are the prime factors of 323218879?
311, 1039289
List the prime factors of 247410659.
31, 59, 135271
List the prime factors of 10253013.
3, 3417671
List the prime factors of 265648375.
5, 17, 149, 839
What are the prime factors of 96028171?
96028171
List the prime factors of 858153706.
2, 429076853
List the prime factors of 58561047.
3, 37, 175859
List the prime factors of 1092165420.
2, 3, 5, 743, 24499
List the prime factors of 348529700.
2, 5, 3485297
List the prime factors of 19984851.
3, 2220539
What are the prime factors of 36028743?
3, 47, 255523
List the prime factors of 5711096710.
2, 5, 11, 51919061
List the prime factors of 331476864.
2, 3, 269, 3209
What are the prime factors of 1339394279?
383, 3497113
List the prime factors of 554363184.
2, 3, 11549233
What are the prime factors of 42631427?
17, 2507731
What are the prime factors of 89013438?
2, 3, 619, 2663
List the prime factors of 34404246.
2, 3, 1911347
List the prime factors of 34555673.
34555673
What are the prime factors of 107716138?
2, 53858069
List the prime factors of 7658821369.
7658821369
What are the prime factors of 19636544?
2, 306821
List the prime factors of 387791938.
2, 19, 10205051
List the prime factors of 416032137.
3, 877, 52709
What are the prime factors of 460883582?
2, 230441791
What are the prime factors of 353453815?
5, 11, 13, 494341
List the prime factors of 4658541950.
2, 5, 93170839
What are the prime factors of 2229119516?
2, 13, 42867683
What are the prime factors of 104007693?
3, 41, 373, 2267
List the prime factors of 84740307.
3, 28246769
What are the prime factors of 1588237189?
7, 11, 17, 19, 3361
What are the prime factors of 6208504349?
181, 189509
What are the prime factors of 581887328?
2, 11, 131, 12619
What are the prime factors of 598064028?
2, 3, 31, 1607699
List the prime factors of 6963130967.
13, 179, 2992321
List